 d = -69 + 211. Let y = 144 - d. Suppose -y = -j - 4, -v + 603 = 5*j. Is v a prime number?
True
Let h(y) = -3*y**3 - 12*y**2 + 11*y + 3. Suppose 3*p + 4*t = 185, -t - 72 = -5*p + 267. Let k = 57 - p. Is h(k) composite?
False
Let l = -94 - -98. Suppose -1732 = -4*x - 4*d, -l*x = -10*d + 5*d - 1768. Is x a prime number?
False
Suppose -8*b = -17*b + 13149. Let q = b - -2548. Is q a prime number?
False
Let f(v) = 33 - 13 - 17 - 5*v**2 - 4*v - v**3. Let o be f(-4). Is -5 + 6 - o/(6/(-1808)) a prime number?
False
Let o = 11455 + -1554. Is o composite?
False
Let f = -39 - -42. Suppose -w = -f*g + 14489, 5*g - 6923 = 4*w + 17216. Is g prime?
True
Suppose 2*x - 6*x + 155523 = -l, -3*x + 5*l = -116638. Suppose -3*s = -x - 5348. Is s prime?
False
Suppose 5*v + 2*h = 4085 + 5086, -h + 9173 = 5*v. Is v a prime number?
False
Let q = 105884 - 34893. Is q a composite number?
False
Suppose 37*o - 40*o + 90 = 0. Is (-7)/(105/(-51216)) + 18/o a prime number?
False
Let f be (-3 + (-9 - 3))*3. Let l = -3 - f. Suppose 38*p - l*p = -5844. Is p composite?
True
Let c = -12022 + 18278. Suppose -c = -i + 497. Is i prime?
False
Let k = 15701 - 9321. Suppose -14*a + k = -7158. Is a composite?
False
Let i(c) = -654*c**2 + 89*c - 1. Let h be i(6). Let s = h - -41382. Is s prime?
True
Let d(o) = -o**2 + 928*o + 2971559. Is d(0) a prime number?
True
Is (4282816/240)/(4/30) prime?
False
Suppose 4*s + 5*s = -270. Let f be ((-4)/(-10) - (-102)/s) + 21. Is (9/f)/((-1)/(-238)) a composite number?
True
Let s(y) = 41*y**3 + 6*y**2 + 6*y - 24. Let p(j) = -41*j**3 - 5*j**2 - 5*j + 23. Let k(f) = -5*p(f) - 4*s(f). Is k(6) prime?
False
Suppose 5*m - 93 = 2*w - 338, 4*m - 5*w = -179. Let o = -49 - m. Suppose 6*v = o*v + 356. Is v a composite number?
False
Suppose -345*l + 512660 = -341*l. Is l composite?
True
Let o(y) = -y**3 + y. Let f(b) = 6*b**3 + 20*b**2 - 3*b - 16. Let t(d) = f(d) + 5*o(d). Is t(-19) a composite number?
False
Let a(u) = u**3 + 74*u**2 + 55*u - 293. Is a(-49) a composite number?
False
Let t(n) = -n - 15. Let c be t(-19). Suppose c*x = -3*j, 2*j = -j. Let o(z) = -2*z**2 + z + 635. Is o(x) composite?
True
Suppose 5*y + 3*j = 595702, 0 = 5*y - 88*j + 84*j - 595709. Is y prime?
False
Let t(g) = 30*g - 136. Let p be t(11). Is p/(-2)*(-34 + -5 - -2) a prime number?
False
Suppose -55*o = 44*o - 23046756 + 3904809. Is o a prime number?
False
Suppose -42*o - 226*o + 18837452 = 0. Is o prime?
True
Suppose 4*s = -0*s + 472. Suppose -3*u - 2*v + 500 = -s, -630 = -3*u + 2*v. Let k = 699 + u. Is k a composite number?
False
Suppose 4*q = -6*m + 372370, 26*q - m + 465430 = 31*q. Is q a prime number?
False
Let b(c) = -c**3 + 9*c**2 - 21*c + 5. Let g be b(5). Suppose -r = -4*p + 1867, -p + g*p + 3*r = -464. Is p composite?
False
Suppose 2*c = 9 - 3. Let m(u) = 39*u**2 - 1 - 21*u + 10 + c - 7. Is m(8) prime?
True
Let d = 31798 - 419. Is d prime?
True
Is (-4 + 3)/(-1)*(27290 + 11) composite?
True
Let m(w) = 519391*w**3 + w**2 + 25*w - 26. Is m(1) a composite number?
False
Let t(i) = -i**3 + 5*i**2 + 2*i - 4. Let v be t(5). Let o be 11182/v - 4/(-12). Is (o/6)/(4/6) a composite number?
True
Let a be (2 - 1)*3*(-5)/(-3). Suppose 5*c - a*p - 115 = 0, -p + 2*p = -4*c + 82. Suppose -c*v = -24*v + 1137. Is v a composite number?
False
Let s = -11683 - -17296. Let j = s + 2606. Is j prime?
True
Let x be ((-33546)/18)/(5/(-15)). Let c = -14 + 17. Suppose c*n + 570 = -4*q + x, n = 2*q - 2523. Is q prime?
True
Is (42/147)/(2/(-14)) + 115142/2 prime?
False
Suppose 0 = 4*t - 66465 - 753427. Is t a prime number?
True
Suppose 61*n + 164832 = 57*n. Let k = 62855 + n. Is k a composite number?
False
Let z = 53 - 9. Let u = 40 - z. Let f(g) = -4*g + 9. Is f(u) a prime number?
False
Is 4742/(2/6 + 0 - (-84)/(-468)) prime?
False
Suppose 4 = -2*g - 2*d, 4*d + 6 = 3*g + d. Suppose -2*k + 6*k = g. Is 157 - (k - (3 - 3)) composite?
False
Let p(k) = 391*k**2 - 2*k + 2. Let w be p(-3). Suppose -56*v + w = -55*v. Is v composite?
False
Is (307842/4)/((-98)/(-196)) prime?
False
Let v(u) = 366434*u**3 - u**2 - 50*u + 50. Is v(1) a composite number?
False
Suppose -33*b + 10 = -32*b. Suppose -b*l + 18*l - 19672 = 0. Is l a prime number?
True
Is (281/3)/((-2140)/8880 + 6/24) a prime number?
False
Let b(h) = h**2 - h - 942. Let x be b(0). Let t(s) = -20*s**3 - 10*s**2 + 33*s + 2. Let a be t(3). Let r = a - x. Is r a composite number?
True
Suppose 355605 = 17*f - 456298. Is f a composite number?
True
Suppose 356539 = 4*i + 5*f, -106547 = -i - 3*f - 17400. Is i composite?
True
Suppose n + 0*f = 4*f - 8, -5*f = -15. Suppose -5*q = -n*q - 1639. Is q prime?
False
Let z(u) = u**3 + 5*u**2 - 18*u - 10. Let d be z(-7). Is (1/4)/(d/243144) composite?
True
Let c(g) = -26*g + 5. Let p = 210 - 222. Is c(p) a prime number?
True
Let p be (38/(-20)*-56)/(10/50). Suppose -533*w + 1689 = -p*w. Is w composite?
True
Suppose -4*y = -46*y + 609530 - 99524. Is y a composite number?
False
Suppose 17 = -3*i - 2*u - 17, 3*u + 16 = -i. Let v(f) = -168*f + 77. Is v(i) a prime number?
False
Let h = 53 + -50. Let a be 435/(-58)*(0 - 52/h). Suppose -283 - a = -x. Is x prime?
False
Let y(l) = -81408*l + 221. Is y(-2) composite?
True
Let h be (10 + -4 - 373) + -4. Is (7 - 6)/((-1)/h) a composite number?
True
Let c(p) = -p**2 + 86*p - 81. Let r be c(42). Let n be (-18986)/(-6) - (-1)/(-3). Let b = n - r. Is b prime?
False
Let h(l) = -26*l - 14. Let r be h(-2). Let q = -26 + r. Suppose q*z - 16956 = -1128. Is z prime?
True
Suppose -9*l - 5739 - 1515 = 0. Let h = l - -4317. Is h a composite number?
False
Suppose -99*h - 96*h = -206*h + 434467. Is h a composite number?
True
Let p be (70/175)/(4/6970). Suppose -10*j + 573 = -p. Is j prime?
True
Let s = -123859 + 258726. Is s a prime number?
True
Let u = 8 + -22. Let p be (-50866)/u - 12/42. Suppose 2*x + x - p = 0. Is x prime?
False
Let o be 10/45 + (-19346)/(-18). Suppose 0 = 4*r - 7*r - 6, -3*f - r + o = 0. Is f a prime number?
True
Suppose -19*k - 8708 = 19013. Let g = k - -2205. Is g a composite number?
True
Let z(w) = -1 + 32*w**2 - 19*w - 90 - 1. Is z(-11) prime?
True
Let w be 7*(-1)/2*-2. Let z = w + -4. Let m(f) = 4*f**3 - 2*f**2 + 3. Is m(z) prime?
False
Let h = -171 + 164. Let v(a) be the third derivative of a**5/10 - a**4/3 + a**3/2 - a**2. Is v(h) a prime number?
True
Let u = -1024 - 1994. Let g = 6956 - u. Is g prime?
False
Suppose 0 = 38*k - 14*k - 14761608. Is k composite?
False
Let n = 16 - 127. Let q = n - -199. Is -1 + (-8056)/(-22) - 16/q composite?
True
Suppose 0 = 94*x - 76*x - 1216818. Is x composite?
False
Is (-1)/((14 + -24)/182950) prime?
False
Let k(v) = v**3 + 14*v**2 + 16*v + 39. Let x be k(-13). Suppose -4*h + 22071 + 8286 = -5*o, 5*h + 4*o - 37977 = x. Is h prime?
False
Is (-44)/627*-19*267123/4 prime?
True
Suppose 8*p - 9 = -4*l + 3*p, l + 3*p = -3. Is l/(-4)*7796/(-6) a prime number?
True
Suppose -32*j = -34*j + 6. Let z be 631 + (1 - (-1 + 2)) + j. Suppose -5*y = -2*d + z, -d - 3*y = -463 + 146. Is d prime?
True
Let z(p) = p**3 + 2*p**2 - 2*p + 8033. Suppose 9*r = -2*r. Is z(r) prime?
False
Suppose -365 = -5*n - 2*o - 116, 3*n = -3*o + 153. Let l = -39 + n. Let g(w) = 15*w**2 + 11. Is g(l) a prime number?
True
Suppose -l - 8348 = -2*d + 24889, 5*d - 83100 = -5*l. Is d a prime number?
True
Let n be (4/((-8)/(-5)))/((-1)/2). Let l be 5/((-1 - n)/404). Suppose w - 6 = l. Is w prime?
False
Suppose 3*y + 4*g - 12 = 0, -16 = -36*y + 32*y + g. Suppose 0 = y*l + 8, 0 = -3*v - 4*l + 66930 - 13349. Is v a prime number?
True
Suppose 5*v - a = -186, -3*v - 107 = 2*a + 2*a. Let x = v - -39. Suppose 9 = -x*f + 263. Is f composite?
False
Let w(r) = 3*r**3 - 23*r**2 + 82*r - 1501. Is w(45) prime?
True
Let a(f) = -13556*f + 5801. Is a(-7) a composite number?
False
Let x = -6 - -8. Is 93/(-1*(-2)/x) - -4 a composite number?
False
Let t(d) = -6850*d**3 - 16*d**2 - 74*d - 47. Is t(-3) composite?
True
Suppose 2*n + 0*n - 5*u + 770 = 0, -u - 378 = n. Let i = 832 + n. Let x = 1085 - i. Is x prime?
False
Let k be 15/(-10)*541*356/(-3). Suppose 6*z - k = -9424. Is z a prime number?
True
Suppose 3*i + 41399 = -3*c + 10664, -4*c - 10260 = i. Let o = -1001 - i. Is o composite?
False
Let v(c) be the first derivative of 55*c**4/12 + 7*c**3/6 - 5*c**2/2 - 15. Let u(a) be the second derivative of v(a)